.
-1
Let w(m) = -m**2 + 5*m + 10. Let q(a) = a**3 + 6*a**2 + 4*a - 2. Let v be q(-5). Let f = 10 - v. Calculate w(f).
-4
Let s = -9 + 12. Let k(z) = -3*z**2 - 4 + 2*z**2 + 2*z - z**2 - 6*z + z**s. Let u be k(3). Let n(v) = -v**2 - 6*v + 10. Determine n(u).
3
Let t be 0 - -1 - 12/3. Let n(z) = -3*z + 691 - 2078 + 698 + 690. Calculate n(t).
10
Let b be (-6)/(-27) - (-1140)/(-270). Let g(i) = -i - 7. What is g(b)?
-3
Suppose 3*k + 2*c = 13, 0*k = -k - 2*c + 3. Suppose 0 = 5*h - 5*o - 10 - k, 5*h - 17 = 3*o. Let g(b) = -b**3 + 2*b**2 + 4*b + 4. Calculate g(h).
-12
Let b(d) = -5 + 0 + 4*d - 10 - 3*d. Let w be b(15). Let x(g) = 5*g - 69 + 69 - 4*g. What is x(w)?
0
Let m(r) = -2*r + 7*r + r - 5*r. Let d = 65 + -60. Give m(d).
5
Let m(s) = -s**3 - 7*s**2 - 3*s - 3. Let c be m(-7). Let d = 21 - c. Suppose 0 = -d*j - 6 - 6. Let k(v) = -v**2 - v + 1. What is k(j)?
-11
Suppose f + 7 = a + 2, 2*a = 5*f + 16. Let o(l) = 10*l**2 - 2*l + 5 - a*l**2 - 8*l**2. Give o(-4).
-3
Let t(f) = -f**2 + 2*f - 4. Suppose -4*l = 4*m - 2*l + 16, -5*l - 22 = m. Let a be -3*(m - (-1 - 0)). What is t(a)?
-7
Let b(v) = -7*v**3 - 7*v**2 + 2*v + 19. Let f(m) be the first derivative of m**4 + 4*m**3/3 - m**2/2 - 10*m - 8. Let q(p) = -3*b(p) - 5*f(p). What is q(0)?
-7
Let u(d) = 2*d**3 - d**2 + d + 1. Let w be u(-1). Let g(q) be the third derivative of -q**4/12 + 2*q**3/3 + 3*q**2 + 43. Calculate g(w).
10
Let s(j) = -j - 10. Suppose 0 = m - 3*m. Suppose -130*l - 33 = -4*p - 135*l, 2*l = -6. Suppose m = p*w - 5*w. Give s(w).
-10
Let k(w) = 0 + 76*w - 9 + 79*w - 158*w. Let m(d) = 6*d - 1. Let q be (5/2 + -2)*-2. Let n be m(q). Calculate k(n).
12
Let i(r) = 6*r - 1. Let q(a) = -7*a + 1. Let b(p) = 6*i(p) + 5*q(p). Suppose -50 = -2389*g + 2364*g. Determine b(g).
1
Let k(d) be the first derivative of -d**3/3 + 8*d**2 + 28*d - 4. Let a be k(18). Let z(t) = t**3 + 7*t**2 - 9*t - 1. What is z(a)?
7
Let o(v) = -v**3 - 5*v**2 - 3*v + 3. Let c be (6 - 392/63) + 34/(-9). What is o(c)?
-1
Let a = 26 - 24. Let o(w) = -1 + a - w - 2*w + 4*w. Give o(1).
2
Let x(j) be the first derivative of -3*j**3 - j**2/2 + 3020. Let w be 2/(-4) + (-1)/2. Calculate x(w).
-8
Let u(v) = v**3 - v**2 + 3*v - 5. Suppose -2 = -35*q + 34*q. What is u(q)?
5
Let w(d) = d**2 + 3*d - 5. Let g = -26 + 28. Suppose -2*v = -f + 8 + 1, -2*f + g = 0. What is w(v)?
-1
Let x(t) be the third derivative of -t**4/24 - 2*t**3/3 + 3*t**2. Let n be 16/(-2)*(-6)/4. Suppose s + n - 18 = 0. Determine x(s).
-10
Let p be 5 + (((-54)/3)/6)/1. Let a(q) = -q**2 - q + 3. Calculate a(p).
-3
Let t(p) = -3*p**2 + 7*p - 9. Let y(r) = -2*r**2 + 7*r - 8. Let s(c) = -3*t(c) + 4*y(c). Let z be s(-7). Let n(f) = -f**3 - 5*f**2 - 2*f - 3. Determine n(z).
7
Suppose x - 3 = -3*d, 0*d + 3*d + 3*x = -3. Let t(v) be the first derivative of 6 - 2*v + 1/3*v**3 + 2*v**d. What is t(-4)?
-2
Let a(b) = b**2 + b + 18. Let q = -89 + 120. Let n = 31 - q. Determine a(n).
18
Suppose -1 + 0 = -m. Let k(a) = 5*a + 129. Let i(p) = -34*p - 968. Let u(f) = 2*i(f) + 15*k(f). Give u(m).
6
Suppose -3*y - 9 = -c + 13, 4*c + 8 = 0. Let o(n) = 53 + 49 + 12*n - 91 + n**2. What is o(y)?
-21
Let y(m) be the first derivative of m**3/3 + 7*m**2/2 + 6*m - 10. Suppose i + 7 - 1 = 0. Calculate y(i).
0
Let n(u) = u**3 + 6*u**2 - 6*u + 7. Let b be n(-7). Let k(v) = -v + 5. Determine k(b).
5
Suppose k + 62 = -4*g - k, -2*k - 23 = g. Let t = g - -18. Let z(q) = -q + 8. Calculate z(t).
3
Let u(w) = 2*w**3 + 12*w**2 - 3*w + 6. Let n(s) = -s**3 - 2*s**2 + s - 1. Let h(p) = 3*n(p) + u(p). Give h(3).
30
Suppose 0 = 18*j - 90 - 108. Let y(w) = w**3 - 12*w**2 + 12*w + 7. What is y(j)?
18
Let m(g) = -g**2 + 4*g - 1. Suppose 15*c - 182 + 167 = 0. Determine m(c).
2
Let a(l) = -4*l**2 + 4*l - 2. Let f(w) be the first derivative of -w**4/4 - 14*w**3/3 + 2*w + 26. Let u be f(-14). Determine a(u).
-10
Let j(w) = w**2 - 14*w - 66. Let r be j(18). Let f(q) = q**2 - 9*q + 2. Calculate f(r).
-16
Let a(s) = -20*s**2 + 14. Suppose -3*i = -0*k - 4*k - 27, 0 = k + 2*i + 4. Let v(p) = 7*p**2 - 5. Let u(j) = k*a(j) - 17*v(j). Give u(-2).
5
Let d = -38 + 37. Let g(n) = n**3 - 11*n**2 - 8*n + 13. Let q(s) = -s**2 + 1. Let i(c) = d*g(c) + 6*q(c). Calculate i(6).
5
Let f(d) = -d**2 + 11*d + 8. Suppose 0 = -108*h + 96*h + 144. What is f(h)?
-4
Let v(b) = -26*b**2 + 1. Let n be 10/(-42)*3 - (-26)/(-91). What is v(n)?
-25
Let n(z) = 0*z**2 - 2*z + 6 - 2*z**2 + 10*z. Suppose 0 = 4*m - 28*p + 31*p - 42, 5*p = 30. Give n(m).
-18
Let c(m) = -4*m + 1. Let i(y) = 8*y - 3. Let h(t) = 8*t - 3. Let r(o) = -2*h(o) + 3*i(o). Let p(d) = 9*c(d) + 4*r(d). Determine p(-4).
13
Let z(u) be the second derivative of u**5/20 - 5*u**4/12 + u**3 - 2*u**2 + 142*u + 1. Let s(t) = -3*t**3 + t**2 - t - 1. Let x be s(-1). Determine z(x).
4
Suppose 12*q - 11*q = -7. Let i(r) = r**2 + 9*r + 10. Let v be i(q). Let x(f) = f**2 + 3*f - 1. Give x(v).
3
Let b = 21 - 40. Let g = 39 + b. Let k be (-3)/(-2) + g/(-8). Let r(q) = -3*q**2 - q - 1. Give r(k).
-3
Let t(v) = 3*v - 2 + 2 + 1 - 12. Let f(a) = -a + 5. Let c(i) = -10*f(i) - 4*t(i). Give c(-6).
6
Let r(y) = -4*y + 17. Let f be r(0). Let i(h) = 6 - f + 5 + 9*h + 18 + h**2. Determine i(-8).
4
Suppose 265 = -7*c + 2*c. Let s = -43 - c. Let t(m) = m**3 - 9*m**2 - 9*m - 5. Give t(s).
5
Let t(q) be the second derivative of -q**5/20 - 5*q**4/6 + 13*q**3/6 - 5*q**2 - 520*q. What is t(-11)?
-32
Suppose 0 = -r - 2*n + 9, -5*r = -0*r - 3*n - 6. Suppose 2*z - 4*z + m = -12, -4*z = r*m - 4. Let o(h) = -h**3 + 5*h**2 - 4. What is o(z)?
12
Let l(u) be the first derivative of -u**3/3 + 7*u**2/2 + 5*u - 1. Let f(o) = 4*o**2 - 35*o - 35. Let b be f(-1). What is l(b)?
17
Suppose 6*s + 167 - 185 = 0. Let u(c) be the second derivative of -c**5/20 + 5*c**4/12 - c**3/2 - 3*c**2/2 - 3*c. What is u(s)?
6
Let w(j) = -j**3 + 2*j**2 + 4*j. Let n be w(3). Let r(g) = -n - 2 + 3 - 2*g. Let q(z) = -z**2 + 28*z - 173. Let x be q(19). Calculate r(x).
2
Suppose z + 2 = 14. Suppose d = -5*u - 30, u + 4*d + 37 = z. Let x(t) = t + 1. What is x(u)?
-4
Let l(s) be the third derivative of s**5/60 + s**4/3 + 7*s**3/6 - 124*s**2. What is l(-10)?
27
Let v(f) = -f**3 + 7*f**2 - 6*f + 7. Let p be ((-154)/(-14))/11 - -5. What is v(p)?
7
Let d(j) = 7*j**2 - 4. Suppose -9*s = 3*s + 72. Let c(u) = 8*u**2 + u - 3. Let h(y) = s*c(y) + 7*d(y). Calculate h(8).
6
Let t(o) = -4*o**2 + 3*o + 2. Let p be (4 - 2 - 5) + 8. Suppose -p*w + 10 + 5 = 0. Calculate t(w).
-25
Suppose 7*l = 6*l + 6. Suppose 0 = l*t - 10*t + 4. Let w(z) = -18*z + 1. Let k(i) = 17*i - 1. Let m(x) = -3*k(x) - 2*w(x). Determine m(t).
-14
Let l(y) be the second derivative of y**8/6720 - y**7/840 - y**6/720 - y**5/60 - 7*y**4/6 + 30*y. Let f(h) be the third derivative of l(h). Calculate f(4).
10
Let k(v) be the first derivative of v**3/3 + v**2/2 - 4*v - 386. What is k(-3)?
2
Let x(b) = -b**3 + 5*b**2 + b + 1. Suppose 0 = -0*s - 2*s + 6. Suppose -46 = -4*d + 2*d + 3*j, -4*d + s*j = -92. Suppose -4*p - 3 + d = 0. Calculate x(p).
6
Let j(n) = -n + 7. Let b be j(5). Let h(y) = -2*y**3 + 37*y**2 - 11*y + 2. Let a(z) = z**3 - 21*z**2 + 6*z - 1. Let d(f) = 7*a(f) + 4*h(f). Give d(b).
-7
Let b be (-4)/(-3)*9/6. Let p(j) = -99*j**2 + b + 4*j + 0*j + 101*j**2. Calculate p(-2).
2
Let o(t) = -3*t**2 - 5*t. Let b be o(-4). Let j be (60/(-35))/(8/b). Let p(m) = m**2 - 6*m + 8. Calculate p(j).
8
Let j(a) = 3*a**2 - 196*a + 5 - 2*a**2 + 190*a - 1. Determine j(4).
-4
Let f(u) be the second derivative of 5/2*u**2 + 1/2*u**3 - 1/12*u**4 - 12*u + 0. Give f(6).
-13
Let b = 8 - 5. Let f(y) = y**2 - 2*y**2 - y**3 + 2*y**b. Calculate f(2).
4
Let f = -64 + 60. Let q = f - 1. Let w(i) = i - 4. Determine w(q).
-9
Let h(r) = 16*r**2 + 21. Let m(c) = -32*c**2 + c - 48. Let k(f) = 9*h(f) + 4*m(f). Determine k(1).
17
Let q(n) = 0*n**2 - 4 + 6*n**3 + 8*n**2 + 2*n - 7*n**3 - 12*n**2. Determine q(-4).
-12
Let z(y) = -3 + 32769*y + 10 + y**2 - 32778*y. Suppose -2*i + 19 = w, -5*i + 32 + 20 = 3*w. What is z(w)?
7
Suppose -6*d = -12*d + 36. Let o(w) = -w + 8. Calculate o(d).
2
Let w(x) = x - 1. Let r be ((-456)/(-16))/((-9)/(-12)). Let h = 35 - r. Calculate w(h).
-4
Let r(c) = -2*c**2 + 22*c + 5. Let l be r(11). Let b(i) = 2*i - 5. Determine b(l).
5
Suppose 0 = -5*x - 5, 9*x = -4*s + 13*x - 28. Let q(p) = -p**3 - 9*p**2 - 8